 + 61*s - 190. Calculate c(4).
-250
Let i(s) = -151*s + 7820. Determine i(55).
-485
Let a(k) = 84997*k - 510039. Give a(6).
-57
Let b(o) = -o**3 + 4*o**2 + 250*o + 55. Determine b(18).
19
Let l(r) = -12*r**2 + 21*r - 81. Calculate l(12).
-1557
Let w(v) = 2631*v + 7873. What is w(-3)?
-20
Let h(a) = 5*a**3 + 33*a**2 - 12*a + 11. What is h(-7)?
-3
Let a(o) = 137*o**2 + 87*o - 88. Calculate a(1).
136
Let v(u) = 242*u - 18389. Determine v(76).
3
Let t(l) = -l**2 + 149*l - 1464. Give t(14).
426
Let i(k) = -k**2 + 119*k + 13771. Calculate i(191).
19
Let g(k) = -4881*k + 4442. Give g(1).
-439
Let x(k) = -7*k**2 - 324*k + 12283. Calculate x(-71).
0
Let m(c) = 21*c**2 - 458*c + 2072. What is m(6)?
80
Let j(h) = -94*h**3 + h**2 + 222*h - 224. Calculate j(1).
-95
Let z(m) = 5*m**2 - 92*m + 3581. What is z(29)?
5118
Let p(l) = -l**3 + 34*l**2 - 39*l - 226. What is p(33)?
-424
Let b(p) = -2*p**3 + 101*p**2 - 435*p + 1019. What is b(46)?
53
Let k(l) = -l**3 - 128*l**2 + 2304*l - 65. Determine k(-144).
-65
Let r(y) = y**2 + 204*y - 15911. What is r(-265)?
254
Let j(h) = 237*h**2 - 39*h - 285. What is j(4)?
3351
Let m(f) = -16*f**3 - 101*f**2 + 22*f + 548. Determine m(-3).
5
Let q(n) = 142*n + 3825. Determine q(-31).
-577
Let o(q) = 4*q**2 + 786*q + 35290. What is o(-127)?
-16
Let q(a) = -a**3 + 42*a**2 - 139*a - 1189. Calculate q(8).
-125
Let b(r) = -43568*r - 479355. Give b(-11).
-107
Let z(r) = 5*r**3 + 28*r**2 + 35*r + 229. What is z(-6)?
-53
Let k(p) = -p**3 - 55*p**2 - 523*p + 6203. What is k(-35)?
8
Let v(c) = -3305*c - 6151. What is v(-2)?
459
Let x(g) = -2*g**2 + 9*g + 4956. Calculate x(52).
16
Let s(k) = 10506*k - 10557. Determine s(1).
-51
Let m(l) = 21*l**2 + 320*l - 118. Determine m(-15).
-193
Let p(q) = 7*q**3 - 2282*q**2 - 8*q + 1821. What is p(326)?
-787
Let o(c) = -268*c + 32058. Give o(123).
-906
Let k(s) = s**2 - 7781*s + 201632. What is k(26)?
2
Let f(u) = -72352*u + 144825. Calculate f(2).
121
Let l(s) = s**3 - 279*s**2 - 1972*s + 85. Give l(-7).
-125
Let r(y) = y**3 - 89*y**2 + 202*y - 2498. Calculate r(87).
-62
Let x(v) = 7*v**2 - 3546*v + 12813. What is x(503)?
238
Let l(b) = -6*b**2 + 196*b - 1073. Calculate l(11).
357
Let s(d) = -260*d**2 - 8319*d + 39. Calculate s(-32).
7
Let w(b) = -b**2 + 379*b - 23713. Calculate w(77).
-459
Let s(r) = 3541*r + 124016. Calculate s(-35).
81
Let z(w) = 13*w**3 - 340*w**2 + 316*w - 7148. Give z(26).
-284
Let i(x) = 5*x**3 - 2*x**2 + 235*x + 471. Give i(-2).
-47
Let m(y) = -203*y**2 + 2591*y + 635. What is m(13)?
11
Let a(j) = 3003*j + 14469. What is a(-5)?
-546
Let a(d) = 2*d**2 - 228*d - 174. Give a(117).
528
Let r(v) = v**3 - 10*v**2 + 237*v - 1171. Give r(5).
-111
Let d(t) = -62879*t - 188755. Give d(-3).
-118
Let n(v) = -v**3 - 822*v**2 + 8329*v + 7476. Give n(-832).
-12
Let h(j) = 5*j**2 - 386*j - 15079. Calculate h(-33).
3104
Let m(v) = -17*v**2 + 343*v + 128. What is m(20)?
188
Let q(g) = -6*g**2 - 1256*g - 36074. Give q(-175).
-24
Let j(y) = y**3 - 65*y**2 - 5757*y + 286. What is j(115)?
-519
Let y(u) = 2*u**3 + 917*u**2 + 82103*u - 300. Give y(-122).
66
Let d(m) = 2*m**3 - 467*m**2 - 3281*m + 41. Calculate d(-7).
-561
Let c(q) = 7*q**2 - 226*q + 1732. Give c(12).
28
Let n(b) = -3*b**3 + 114*b**2 + 2388*b - 27. What is n(-17)?
7062
Let n(c) = -c**3 - 8*c**2 + 131*c + 359. Give n(10).
-131
Let u(o) = -o**3 + 69*o**2 + 104*o - 2334. Determine u(70).
46
Let u(a) = -3173*a - 238003. Determine u(-75).
-28
Let d(w) = 47439*w + 237181. Give d(-5).
-14
Let z(g) = 2758070*g + 19306486. Give z(-7).
-4
Let i(c) = 2*c**2 + 34*c - 940. Determine i(13).
-160
Let l(t) = t**3 + 47*t**2 - 410*t - 313. Give l(-54).
1415
Let i(v) = -4*v**3 + 29*v**2 + 275*v - 1948. Determine i(7).
26
Let w(u) = -24*u**3 + 335*u**2 + 14*u + 1. Give w(14).
1
Let o(z) = z**3 - 35*z**2 - 28*z - 75. What is o(36)?
213
Let i(x) = 260601*x + 9902808. What is i(-38)?
-30
Let o(w) = 62334*w + 997370. What is o(-16)?
26
Let p(u) = -34*u**2 - 1988*u - 28305. Determine p(-34).
-17
Let r(w) = -5246*w + 136428. Determine r(26).
32
Let s(z) = -2353*z + 113248. What is s(48)?
304
Let z(r) = -35*r**2 + 725*r - 269. Determine z(20).
231
Let f(c) = c**2 - 2598*c - 178457. Give f(-67).
98
Let c(l) = 452*l - 8738. Calculate c(16).
-1506
Let z(v) = 2587*v + 20620. Determine z(-8).
-76
Let b(a) = -a**3 + 58*a**2 + 62*a + 7373. Give b(61).
-8
Let d(h) = 4*h**3 - 144*h**2 - 2810*h + 486. Determine d(50).
-14
Let a(j) = 76*j + 1176. Give a(-24).
-648
Let x(q) = 7*q**2 + 12607*q - 50452. What is x(4)?
88
Let i(l) = -891*l - 72896. Calculate i(-82).
166
Let l(j) = -29*j - 4490. Calculate l(-150).
-140
Let s(p) = -8836*p - 141746. Calculate s(-16).
-370
Let s(f) = 15*f**3 + 15*f**2 - 6*f - 106. Calculate s(-6).
-2770
Let g(b) = -8*b**3 - 87*b**2 - 325*b + 18. What is g(-4)?
438
Let d(a) = 199*a - 22946. Calculate d(116).
138
Let u(o) = -2*o**3 + 16*o**2 - 49*o + 68. Calculate u(8).
-324
Let q(k) = k**2 - 615*k + 90842. Give q(369).
68
Let i(y) = -492*y - 17532. Calculate i(-36).
180
Let m(o) = -15137*o - 363026. Give m(-24).
262
Let c(u) = -90*u**3 - 3512*u**2 - 91*u - 552. What is c(-39)?
-45
Let c(r) = -r**3 + 125*r**2 - 340*r - 3191. Give c(122).
-19
Let w(c) = c**3 - 15*c**2 - 458*c + 163. What is w(0)?
163
Let r(m) = 2*m**3 + 134*m**2 - 777*m + 7224. Give r(-73).
-3
Let v(w) = w**3 - w**2 - 221*w + 1. Give v(0).
1
Let l(c) = 582*c + 3190. Give l(-2).
2026
Let q(p) = -21831*p + 24494381. Calculate q(1122).
-1
Let n(k) = 709*k - 90078. Give n(127).
-35
Let x(y) = y**3 + 218*y**2 + 149*y - 151303. Calculate x(-214).
-5
Let y(n) = 2749*n - 244200. Give y(89).
461
Let g(v) = 21*v**2 - 237*v - 13314. Determine g(-20).
-174
Let a(q) = 120*q + 11619. What is a(-96)?
99
Let m(s) = 209059*s - 418132. Calculate m(2).
-14
Let o(a) = -33*a**2 - 19927*a + 3053. Give o(-604).
33
Let s(l) = -4*l**3 - 6*l**2 + 33*l + 75. Calculate s(-3).
30
Let r(q) = 4943*q + 29559. What is r(-6)?
-99
Let r(j) = 19*j**3 - 1710*j**2 + 3422*j + 1. Calculate r(2).
157
Let c(g) = 3*g**2 - 697*g + 4424. Calculate c(226).
130
Let b(d) = 3455*d + 577017. Calculate b(-167).
32
Let h(c) = -2*c**2 - 21*c + 823. What is h(14)?
137
Let c(n) = 1259*n + 27029. What is c(-21)?
590
Let u(i) = -2905*i - 926667. Calculate u(-319).
28
Let v(p) = p**3 - 20*p**2 + 10*p + 378. Determine v(19).
207
Let h(m) = -m**3 - 39*m**2 + 83*m + 1546. Calculate h(-40).
-174
Let j(g) = g**2 + 452*g + 45395. Give j(-151).
-56
Let t(c) = -285*c**3 + 5*c**2 - 11*c + 11. What is t(1)?
-280
Let s(l) = 5215*l - 37027. Determine s(7).
-522
Let g(j) = -5*j**2 + 345*j - 4568. Calculate g(18).
22
Let j(s) = 2328*s - 21800. Give j(10).
1480
Let h(a) = -15*a**2 - 3972*a - 11903. Determine h(-3).
-122
Let j(q) = -15*q**2 - 2537*q - 20155. Give j(-8).
-819
Let j(k) = -10155*k + 233597. Calculate j(23).
32
Let i(f) = -1272*f + 82705. Give i(65).
25
Let r(o) = 622*o - 3804. Calculate r(6).
-72
Let d(w) = w**3 - 55*w**2 - 188*w - 41325. Give d(67).
-53
Let s(o) = 968*o - 19428. Give s(20).
-68
Let r(n) = -n**3 + 238*n**2 - 4179*n + 3946. Determine r(219).
4
Let h(y) = -334*y - 6880. Determine h(-20).
-200
Let f(g) = -g**3 - 67*g**2 + 587*g - 958. Calculate f(-75).
17
Let l(h) = -h**3 - 117*h**2 + 301*h - 7070. Give l(-120).
10
Let g(u) = -69*u**2 - 5527*u - 471. Calculate g(-80).
89
Let r(x) = -253*x**2 - 2273*x - 1984. Determine r(-8).
8
Let b(n) = n**2 - 8*n - 5502. Determine b(-70).
-42
Let v(z) = -62*z**3 - 1674*z**2 + 25*z + 6. Calculate v(-27).
-669
Let q(x) = -10*x**3 + 212*x**2 - 415*x + 10. Calculate q(2).
-52
Let a(t) = -78*t**2 - 6954*t - 7915. Give a(-88).
5
Let k(t) = -67*t**2 + 267*t + 823. Determine k(-3).
-581
Let f(x) = -2951*x + 44247. What is f(15)?
-18
Let c(o) = o**2 + 50*o + 156. Determine c(-31).
-433
Let i(k) = 3*k**2 - 334*k + 4243. Determine i(97).
72
Let b(z) = -z**3 - 789*z**2 - 105*z - 82857. Calculate b(-789).
-12
Let w(i) = 17997*i - 342159. Calculate w(19).
-216
Let z(m) = m**3 + 27*m**2 - m + 2091. Calculate z(-30).
-579
Let t(w) = 2*w**3 - 158*w**2 + 1247*w + 140. Calculate t(9).
23
Let q(n) = 1393*n + 39037. Determine q(-28).
33
Let j(v) = 947*v**2 - 53031*v - 56. Give j(56).
0
Let z(g) = -419*g + 182695. Calculate z(436).
11
Let j(u) = 74682*u + 448070. Give j(-6).
-22
Let i(l) = 36961*l - 15. C